{"id":13,"date":"2015-11-05T23:46:10","date_gmt":"2015-11-05T23:46:10","guid":{"rendered":"http:\/\/veracruzanadecine.com\/inicio\/?page_id=13"},"modified":"2024-10-18T20:29:37","modified_gmt":"2024-10-18T20:29:37","slug":"calendario","status":"publish","type":"page","link":"https:\/\/veracruzanadecine.com\/inicio\/calendario\/","title":{"rendered":"CALENDARIO"},"content":{"rendered":"[spb_text_block animation=\u00bbnone\u00bb animation_delay=\u00bb0&#8243; simplified_controls=\u00bbyes\u00bb custom_css_percentage=\u00bbno\u00bb padding_vertical=\u00bb0&#8243; padding_horizontal=\u00bb0&#8243; margin_vertical=\u00bb0&#8243; custom_css=\u00bbmargin-top: 0px;margin-bottom: 0px;\u00bb border_size=\u00bb0&#8243; border_styling_global=\u00bbdefault\u00bb width=\u00bb1\/1&#8243; el_position=\u00bbfirst last\u00bb]\n<h2><span style=\"color: #00c5c5;\"><strong>Febrero <\/strong><\/span><span style=\"color: #00c5c5;\"><strong>2024<\/strong><\/span><\/h2>\n[\/spb_text_block] [spb_row element_name=\u00bbRow\u00bb wrap_type=\u00bbstandard-width\u00bb row_bg_type=\u00bbcolor\u00bb row_bg_color=\u00bb#ffffff\u00bb color_row_height=\u00bbcontent-height\u00bb bg_type=\u00bbcover\u00bb parallax_image_height=\u00bbcontent-height\u00bb parallax_image_movement=\u00bbfixed\u00bb parallax_image_speed=\u00bbstandard\u00bb bg_video_loop=\u00bbyes\u00bb parallax_video_height=\u00bbwindow-height\u00bb row_top_style=\u00bbnone\u00bb row_bottom_style=\u00bbnone\u00bb parallax_video_overlay=\u00bbnone\u00bb row_overlay_opacity=\u00bb0&#8243; remove_element_spacing=\u00bbno\u00bb row_col_spacing=\u00bb0&#8243; row_col_pos=\u00bbdefault\u00bb row_col_equal_heights=\u00bbno\u00bb row_expanding=\u00bbno\u00bb row_animation=\u00bbnone\u00bb row_animation_delay=\u00bb0&#8243; minimize_row=\u00bbno\u00bb simplified_controls=\u00bbyes\u00bb custom_css_percentage=\u00bbno\u00bb custom_css=\u00bbmargin-top: 0px;margin-bottom: 0px;\u00bb border_styling_global=\u00bbdefault\u00bb width=\u00bb1\/1&#8243; el_position=\u00bbfirst last\u00bb] [spb_icon_box title=\u00bb03 de febrero, INICIA\u00bb box_type=\u00bbleft-icon\u00bb box_icon_type=\u00bbimage\u00bb image=\u00bb9099&#8243; animate_svg=\u00bbno\u00bb target=\u00bb_self\u00bb animation=\u00bbnone\u00bb animation_delay=\u00bb0&#8243; bg_color=\u00bb#ffffff\u00bb animated_box_style=\u00bbcoloured\u00bb animated_box_rounded=\u00bbyes\u00bb width=\u00bb1\/3&#8243; el_position=\u00bbfirst\u00bb]\n<p class=\"entry-title\"><b>INTRODUCCI\u00d3N AL DOBLAJE<\/b><strong><br \/>\n<\/strong><span class=\"s1\"><span class=\"s1\"><span class=\"s1\"><span class=\"s1\">20 horas totales<br \/>\nS\u00e1bados de 10 a 14 horas<br \/>\n<\/span><\/span><\/span><\/span><strong><span class=\"s1\" style=\"color: #00c5c5;\"><a style=\"color: #00c5c5;\" href=\"https:\/\/veracruzanadecine.com\/inicio\/introduccion-al-doblaje\/\" target=\"_blank\" rel=\"noopener\"><span style=\"text-decoration: underline;\">ver m\u00e1s<\/span><\/a>\u00a0&#8230;<\/span><\/strong><\/p>\n[\/spb_icon_box] [spb_icon_box title=\u00bb24 de febrero, INICIA\u00bb box_type=\u00bbleft-icon\u00bb box_icon_type=\u00bbimage\u00bb image=\u00bb9363&#8243; animate_svg=\u00bbno\u00bb target=\u00bb_self\u00bb animation=\u00bbnone\u00bb animation_delay=\u00bb0&#8243; bg_color=\u00bb#ffffff\u00bb animated_box_style=\u00bbcoloured\u00bb animated_box_rounded=\u00bbyes\u00bb width=\u00bb1\/3&#8243;]\n<p class=\"entry-title\"><b>DIPLOMADO<br \/>\nEN FOTOGRAF\u00cdA<\/b><strong><br \/>\n<\/strong><span class=\"s1\"><span class=\"s1\"><span class=\"s1\"><span class=\"s1\">144 horas totales<br \/>\nS\u00e1bados de 9 a 15 horas<br \/>\n<\/span><\/span><\/span><\/span><strong><span class=\"s1\" style=\"color: #00c5c5;\"><a style=\"color: #00c5c5;\" href=\"https:\/\/veracruzanadecine.com\/inicio\/diplomadoen-fotografia\/\" target=\"_blank\" rel=\"noopener\"><span style=\"text-decoration: underline;\">ver m\u00e1s<\/span><\/a>\u00a0&#8230;<\/span><\/strong><\/p>\n[\/spb_icon_box] [spb_icon_box title=\u00bb24 de febrero, INICIA\u00bb box_type=\u00bbleft-icon\u00bb box_icon_type=\u00bbimage\u00bb image=\u00bb9278&#8243; animate_svg=\u00bbno\u00bb target=\u00bb_self\u00bb animation=\u00bbnone\u00bb animation_delay=\u00bb0&#8243; bg_color=\u00bb#ffffff\u00bb animated_box_style=\u00bbcoloured\u00bb animated_box_rounded=\u00bbyes\u00bb width=\u00bb1\/3&#8243; el_position=\u00bblast\u00bb]\n<p class=\"entry-title\"><b>DIPLOMADO EN GUION CINEMATOGR\u00c1FICO<\/b><strong><br \/>\n<\/strong><span class=\"s1\"><span class=\"s1\"><span class=\"s1\"><span class=\"s1\">144 horas totales<br \/>\nS\u00e1bados de 9 a 15 horas<br \/>\n<\/span><\/span><\/span><\/span><strong><span class=\"s1\" style=\"color: #00c5c5;\"><a style=\"color: #00c5c5;\" href=\"https:\/\/veracruzanadecine.com\/inicio\/diplomado-en-guion-cinematografico-2024\/\" target=\"_blank\" rel=\"noopener\"><span style=\"text-decoration: underline;\">ver m\u00e1s<\/span><\/a>\u00a0&#8230;<\/span><\/strong><\/p>\n[\/spb_icon_box] [\/spb_row] [spb_text_block animation=\u00bbnone\u00bb animation_delay=\u00bb0&#8243; simplified_controls=\u00bbyes\u00bb custom_css_percentage=\u00bbno\u00bb padding_vertical=\u00bb0&#8243; padding_horizontal=\u00bb0&#8243; margin_vertical=\u00bb0&#8243; custom_css=\u00bbmargin-top: 0px;margin-bottom: 0px;\u00bb border_size=\u00bb0&#8243; border_styling_global=\u00bbdefault\u00bb width=\u00bb1\/1&#8243; el_position=\u00bbfirst last\u00bb]\n<h2><span style=\"color: #00c5c5;\"><strong>Marzo <\/strong><\/span><span style=\"color: #00c5c5;\"><strong>2024<\/strong><\/span><\/h2>\n[\/spb_text_block] [spb_row element_name=\u00bbRow\u00bb wrap_type=\u00bbstandard-width\u00bb row_bg_type=\u00bbcolor\u00bb row_bg_color=\u00bb#ffffff\u00bb color_row_height=\u00bbcontent-height\u00bb bg_type=\u00bbcover\u00bb parallax_image_height=\u00bbcontent-height\u00bb parallax_image_movement=\u00bbfixed\u00bb parallax_image_speed=\u00bbstandard\u00bb bg_video_loop=\u00bbyes\u00bb parallax_video_height=\u00bbwindow-height\u00bb row_top_style=\u00bbnone\u00bb row_bottom_style=\u00bbnone\u00bb parallax_video_overlay=\u00bbnone\u00bb row_overlay_opacity=\u00bb0&#8243; remove_element_spacing=\u00bbno\u00bb row_col_spacing=\u00bb0&#8243; row_col_pos=\u00bbdefault\u00bb row_col_equal_heights=\u00bbno\u00bb row_expanding=\u00bbno\u00bb row_animation=\u00bbnone\u00bb row_animation_delay=\u00bb0&#8243; minimize_row=\u00bbno\u00bb simplified_controls=\u00bbyes\u00bb custom_css_percentage=\u00bbno\u00bb custom_css=\u00bbmargin-top: 0px;margin-bottom: 0px;\u00bb border_styling_global=\u00bbdefault\u00bb width=\u00bb1\/1&#8243; el_position=\u00bbfirst last\u00bb] [spb_icon_box title=\u00bb09 de marzo, INICIA\u00bb box_type=\u00bbleft-icon\u00bb box_icon_type=\u00bbimage\u00bb image=\u00bb9520&#8243; animate_svg=\u00bbno\u00bb target=\u00bb_self\u00bb animation=\u00bbnone\u00bb animation_delay=\u00bb0&#8243; bg_color=\u00bb#ffffff\u00bb animated_box_style=\u00bbcoloured\u00bb animated_box_rounded=\u00bbyes\u00bb width=\u00bb1\/3&#8243; el_position=\u00bbfirst last\u00bb]\n<p class=\"entry-title\"><b>TALLER PRESENCIAL ACTUACI\u00d3N PARA NI\u00d1OS<\/b><strong><br \/>\n<\/strong><span class=\"s1\"><span class=\"s1\"><span class=\"s1\"><span class=\"s1\">24 horas totales<br \/>\nS\u00e1bados de 10 a 14 horas<br \/>\n<\/span><\/span><\/span><\/span><strong><span class=\"s1\" style=\"color: #00c5c5;\"><a style=\"color: #00c5c5;\" href=\"https:\/\/veracruzanadecine.com\/inicio\/taller-presencial-actuacion-para-ninos\/\" target=\"_blank\" rel=\"noopener\"><span style=\"text-decoration: underline;\">ver m\u00e1s<\/span><\/a>\u00a0&#8230;<\/span><\/strong><\/p>\n[\/spb_icon_box] [\/spb_row] [spb_text_block animation=\u00bbnone\u00bb animation_delay=\u00bb0&#8243; simplified_controls=\u00bbyes\u00bb custom_css_percentage=\u00bbno\u00bb padding_vertical=\u00bb0&#8243; padding_horizontal=\u00bb0&#8243; margin_vertical=\u00bb0&#8243; custom_css=\u00bbmargin-top: 0px;margin-bottom: 0px;\u00bb border_size=\u00bb0&#8243; border_styling_global=\u00bbdefault\u00bb width=\u00bb1\/1&#8243; el_position=\u00bbfirst last\u00bb]\n<h2><span style=\"color: #00c5c5;\"><strong>Julio <\/strong><\/span><span style=\"color: #00c5c5;\"><strong>2024<\/strong><\/span><\/h2>\n[\/spb_text_block] [spb_row element_name=\u00bbRow\u00bb wrap_type=\u00bbstandard-width\u00bb row_bg_type=\u00bbcolor\u00bb row_bg_color=\u00bb#ffffff\u00bb color_row_height=\u00bbcontent-height\u00bb bg_type=\u00bbcover\u00bb parallax_image_height=\u00bbcontent-height\u00bb parallax_image_movement=\u00bbfixed\u00bb parallax_image_speed=\u00bbstandard\u00bb bg_video_loop=\u00bbyes\u00bb parallax_video_height=\u00bbwindow-height\u00bb row_top_style=\u00bbnone\u00bb row_bottom_style=\u00bbnone\u00bb parallax_video_overlay=\u00bbnone\u00bb row_overlay_opacity=\u00bb0&#8243; remove_element_spacing=\u00bbno\u00bb row_col_spacing=\u00bb0&#8243; row_col_pos=\u00bbdefault\u00bb row_col_equal_heights=\u00bbno\u00bb row_expanding=\u00bbno\u00bb row_animation=\u00bbnone\u00bb row_animation_delay=\u00bb0&#8243; minimize_row=\u00bbno\u00bb simplified_controls=\u00bbyes\u00bb custom_css_percentage=\u00bbno\u00bb custom_css=\u00bbmargin-top: 0px;margin-bottom: 0px;\u00bb border_styling_global=\u00bbdefault\u00bb width=\u00bb1\/1&#8243; el_position=\u00bbfirst last\u00bb] [spb_icon_box title=\u00bb29 de julio, INICIA\u00bb box_type=\u00bbleft-icon\u00bb box_icon_type=\u00bbimage\u00bb image=\u00bb9600&#8243; animate_svg=\u00bbno\u00bb target=\u00bb_self\u00bb animation=\u00bbnone\u00bb animation_delay=\u00bb0&#8243; bg_color=\u00bb#ffffff\u00bb animated_box_style=\u00bbcoloured\u00bb animated_box_rounded=\u00bbyes\u00bb width=\u00bb1\/3&#8243; el_position=\u00bbfirst last\u00bb]\n<p class=\"entry-title\"><b>TALLER PRESENCIAL DE ANIMACI\u00d3N CONTAR HISTORIAS DESDE EL CORAZ\u00d3N<\/b><strong><br \/>\n<\/strong><span class=\"s1\"><span class=\"s1\"><span class=\"s1\"><span class=\"s1\">30 horas totales<br \/>\nLunes a viernes de 10 a 15 horas<br \/>\n<\/span><\/span><\/span><\/span><strong><span class=\"s1\" style=\"color: #00c5c5;\"><a style=\"color: #00c5c5;\" href=\"https:\/\/veracruzanadecine.com\/inicio\/taller-presencial-de-animacion-contar-historias-desde-el-corazon\/\" target=\"_blank\" rel=\"noopener\"><span style=\"text-decoration: underline;\">ver m\u00e1s<\/span><\/a>\u00a0&#8230;<\/span><\/strong><\/p>\n[\/spb_icon_box] [\/spb_row] [spb_text_block animation=\u00bbnone\u00bb animation_delay=\u00bb0&#8243; simplified_controls=\u00bbyes\u00bb custom_css_percentage=\u00bbno\u00bb padding_vertical=\u00bb0&#8243; padding_horizontal=\u00bb0&#8243; margin_vertical=\u00bb0&#8243; custom_css=\u00bbmargin-top: 0px;margin-bottom: 0px;\u00bb border_size=\u00bb0&#8243; border_styling_global=\u00bbdefault\u00bb width=\u00bb1\/1&#8243; el_position=\u00bbfirst last\u00bb]\n<h2><span style=\"color: #00c5c5;\"><strong>Agosto <\/strong><\/span><span style=\"color: #00c5c5;\"><strong>2024<\/strong><\/span><\/h2>\n[\/spb_text_block] [spb_row element_name=\u00bbRow\u00bb wrap_type=\u00bbstandard-width\u00bb row_bg_type=\u00bbcolor\u00bb row_bg_color=\u00bb#ffffff\u00bb color_row_height=\u00bbcontent-height\u00bb bg_type=\u00bbcover\u00bb parallax_image_height=\u00bbcontent-height\u00bb parallax_image_movement=\u00bbfixed\u00bb parallax_image_speed=\u00bbstandard\u00bb bg_video_loop=\u00bbyes\u00bb parallax_video_height=\u00bbwindow-height\u00bb row_top_style=\u00bbnone\u00bb row_bottom_style=\u00bbnone\u00bb parallax_video_overlay=\u00bbnone\u00bb row_overlay_opacity=\u00bb0&#8243; remove_element_spacing=\u00bbno\u00bb row_col_spacing=\u00bb0&#8243; row_col_pos=\u00bbdefault\u00bb row_col_equal_heights=\u00bbno\u00bb row_expanding=\u00bbno\u00bb row_animation=\u00bbnone\u00bb row_animation_delay=\u00bb0&#8243; minimize_row=\u00bbno\u00bb simplified_controls=\u00bbyes\u00bb custom_css_percentage=\u00bbno\u00bb custom_css=\u00bbmargin-top: 0px;margin-bottom: 0px;\u00bb border_styling_global=\u00bbdefault\u00bb width=\u00bb1\/1&#8243; el_position=\u00bbfirst last\u00bb] [spb_icon_box title=\u00bb03 de agosto, INICIA\u00bb box_type=\u00bbleft-icon\u00bb box_icon_type=\u00bbimage\u00bb image=\u00bb9619&#8243; animate_svg=\u00bbno\u00bb target=\u00bb_self\u00bb animation=\u00bbnone\u00bb animation_delay=\u00bb0&#8243; bg_color=\u00bb#ffffff\u00bb animated_box_style=\u00bbcoloured\u00bb animated_box_rounded=\u00bbyes\u00bb width=\u00bb1\/3&#8243; el_position=\u00bbfirst last\u00bb]\n<p class=\"entry-title\"><b>TALLER PRESENCIAL DE AN\u00c1LISIS CINEMATOGR\u00c1FICO<\/b><strong><br \/>\n<\/strong><span class=\"s1\"><span class=\"s1\"><span class=\"s1\"><span class=\"s1\">20 horas totales<br \/>\nS\u00e1bados de 10 a 14 horas<br \/>\n<\/span><\/span><\/span><\/span><strong><span class=\"s1\" style=\"color: #00c5c5;\"><a style=\"color: #00c5c5;\" href=\"https:\/\/veracruzanadecine.com\/inicio\/taller-presencial-de-analisis-cinematografico-2\/\" target=\"_blank\" rel=\"noopener\"><span style=\"text-decoration: underline;\">ver m\u00e1s<\/span><\/a>\u00a0&#8230;<\/span><\/strong><\/p>\n[\/spb_icon_box] [\/spb_row] [spb_text_block animation=\u00bbnone\u00bb animation_delay=\u00bb0&#8243; simplified_controls=\u00bbyes\u00bb custom_css_percentage=\u00bbno\u00bb padding_vertical=\u00bb0&#8243; padding_horizontal=\u00bb0&#8243; margin_vertical=\u00bb0&#8243; custom_css=\u00bbmargin-top: 0px;margin-bottom: 0px;\u00bb border_size=\u00bb0&#8243; border_styling_global=\u00bbdefault\u00bb width=\u00bb1\/1&#8243; el_position=\u00bbfirst last\u00bb]\n<h2><span style=\"color: #00c5c5;\"><strong>Septiembre <\/strong><\/span><span style=\"color: #00c5c5;\"><strong>2024<\/strong><\/span><\/h2>\n[\/spb_text_block] [spb_row element_name=\u00bbRow\u00bb wrap_type=\u00bbstandard-width\u00bb row_bg_type=\u00bbcolor\u00bb row_bg_color=\u00bb#ffffff\u00bb color_row_height=\u00bbcontent-height\u00bb bg_type=\u00bbcover\u00bb parallax_image_height=\u00bbcontent-height\u00bb parallax_image_movement=\u00bbfixed\u00bb parallax_image_speed=\u00bbstandard\u00bb bg_video_loop=\u00bbyes\u00bb parallax_video_height=\u00bbwindow-height\u00bb row_top_style=\u00bbnone\u00bb row_bottom_style=\u00bbnone\u00bb parallax_video_overlay=\u00bbnone\u00bb row_overlay_opacity=\u00bb0&#8243; remove_element_spacing=\u00bbno\u00bb row_col_spacing=\u00bb0&#8243; row_col_pos=\u00bbdefault\u00bb row_col_equal_heights=\u00bbno\u00bb row_expanding=\u00bbno\u00bb row_animation=\u00bbnone\u00bb row_animation_delay=\u00bb0&#8243; minimize_row=\u00bbno\u00bb simplified_controls=\u00bbyes\u00bb custom_css_percentage=\u00bbno\u00bb custom_css=\u00bbmargin-top: 0px;margin-bottom: 0px;\u00bb border_styling_global=\u00bbdefault\u00bb width=\u00bb1\/1&#8243; el_position=\u00bbfirst last\u00bb] [spb_icon_box title=\u00bb21 de septiembre, INICIA\u00bb box_type=\u00bbleft-icon\u00bb box_icon_type=\u00bbimage\u00bb image=\u00bb9666&#8243; animate_svg=\u00bbno\u00bb target=\u00bb_self\u00bb animation=\u00bbnone\u00bb animation_delay=\u00bb0&#8243; bg_color=\u00bb#ffffff\u00bb animated_box_style=\u00bbcoloured\u00bb animated_box_rounded=\u00bbyes\u00bb width=\u00bb1\/3&#8243; el_position=\u00bbfirst\u00bb]\n<p class=\"entry-title\"><b>TALLER DE INICIACI\u00d3N A LA CINEMATOGRAF\u00cdA<\/b><strong><br \/>\n<\/strong><span class=\"s1\"><span class=\"s1\"><span class=\"s1\"><span class=\"s1\">36 horas totales<br \/>\nS\u00e1bados de 9 a 15 horas<br \/>\n<\/span><\/span><\/span><\/span><strong><span class=\"s1\" style=\"color: #00c5c5;\"><a style=\"color: #00c5c5;\" href=\"https:\/\/veracruzanadecine.com\/inicio\/taller-presencial-de-iniciacion-a-la-cinematografia\/\" target=\"_blank\" rel=\"noopener\"><span style=\"text-decoration: underline;\">ver m\u00e1s<\/span><\/a>\u00a0&#8230;<\/span><\/strong><\/p>\n[\/spb_icon_box] [spb_icon_box title=\u00bb21 de septiembre, INICIA\u00bb box_type=\u00bbleft-icon\u00bb box_icon_type=\u00bbimage\u00bb image=\u00bb9668&#8243; animate_svg=\u00bbno\u00bb target=\u00bb_self\u00bb animation=\u00bbnone\u00bb animation_delay=\u00bb0&#8243; bg_color=\u00bb#ffffff\u00bb animated_box_style=\u00bbcoloured\u00bb animated_box_rounded=\u00bbyes\u00bb width=\u00bb1\/3&#8243; el_position=\u00bblast\u00bb]\n<p class=\"entry-title\"><b>TALLER DE INICIACI\u00d3N A LA FOTOGRAF\u00cdA<\/b><strong><br \/>\n<\/strong><span class=\"s1\"><span class=\"s1\"><span class=\"s1\"><span class=\"s1\">36 horas totales<br \/>\nS\u00e1bados de 9 a 15 horas<br \/>\n<\/span><\/span><\/span><\/span><strong><span class=\"s1\" style=\"color: #00c5c5;\"><a style=\"color: #00c5c5;\" href=\"https:\/\/veracruzanadecine.com\/inicio\/taller-presencial-de-iniciacion-a-la-fotografia\/\" target=\"_blank\" rel=\"noopener\"><span style=\"text-decoration: underline;\">ver m\u00e1s<\/span><\/a>\u00a0&#8230;<\/span><\/strong><\/p>\n[\/spb_icon_box] [\/spb_row] [spb_text_block animation=\u00bbnone\u00bb animation_delay=\u00bb0&#8243; simplified_controls=\u00bbyes\u00bb custom_css_percentage=\u00bbno\u00bb padding_vertical=\u00bb0&#8243; padding_horizontal=\u00bb0&#8243; margin_vertical=\u00bb0&#8243; custom_css=\u00bbmargin-top: 0px;margin-bottom: 0px;\u00bb border_size=\u00bb0&#8243; border_styling_global=\u00bbdefault\u00bb width=\u00bb1\/1&#8243; el_position=\u00bbfirst last\u00bb]\n<h2><span style=\"color: #00c5c5;\"><strong>Noviembre <\/strong><\/span><span style=\"color: #00c5c5;\"><strong>2024<\/strong><\/span><\/h2>\n[\/spb_text_block] [spb_row element_name=\u00bbRow\u00bb wrap_type=\u00bbstandard-width\u00bb row_bg_type=\u00bbcolor\u00bb row_bg_color=\u00bb#ffffff\u00bb color_row_height=\u00bbcontent-height\u00bb bg_type=\u00bbcover\u00bb parallax_image_height=\u00bbcontent-height\u00bb parallax_image_movement=\u00bbfixed\u00bb parallax_image_speed=\u00bbstandard\u00bb bg_video_loop=\u00bbyes\u00bb parallax_video_height=\u00bbwindow-height\u00bb row_top_style=\u00bbnone\u00bb row_bottom_style=\u00bbnone\u00bb parallax_video_overlay=\u00bbnone\u00bb row_overlay_opacity=\u00bb0&#8243; remove_element_spacing=\u00bbno\u00bb row_col_spacing=\u00bb0&#8243; row_col_pos=\u00bbdefault\u00bb row_col_equal_heights=\u00bbno\u00bb row_expanding=\u00bbno\u00bb row_animation=\u00bbnone\u00bb row_animation_delay=\u00bb0&#8243; minimize_row=\u00bbno\u00bb simplified_controls=\u00bbyes\u00bb custom_css_percentage=\u00bbno\u00bb custom_css=\u00bbmargin-top: 0px;margin-bottom: 0px;\u00bb border_styling_global=\u00bbdefault\u00bb width=\u00bb1\/1&#8243; el_position=\u00bbfirst last\u00bb] [spb_icon_box title=\u00bb09 de noviembre, INICIA\u00bb box_type=\u00bbleft-icon\u00bb box_icon_type=\u00bbimage\u00bb image=\u00bb9709&#8243; animate_svg=\u00bbno\u00bb target=\u00bb_self\u00bb animation=\u00bbnone\u00bb animation_delay=\u00bb0&#8243; bg_color=\u00bb#ffffff\u00bb animated_box_style=\u00bbcoloured\u00bb animated_box_rounded=\u00bbyes\u00bb width=\u00bb1\/3&#8243; el_position=\u00bbfirst\u00bb]\n<p class=\"entry-title\"><b>TALLER DE INICIACI\u00d3N AL GUI\u00d3N CINEMATOGR\u00c1FICO<\/b><strong><br \/>\n<\/strong><span class=\"s1\"><span class=\"s1\"><span class=\"s1\"><span class=\"s1\">24 horas totales<br \/>\nS\u00e1bados de 10 a 14 horas<br \/>\n<\/span><\/span><\/span><\/span><strong><span class=\"s1\" style=\"color: #00c5c5;\"><a style=\"color: #00c5c5;\" href=\"https:\/\/veracruzanadecine.com\/inicio\/taller-de-iniciacion-al-guion-cinematografico\/\" target=\"_blank\" rel=\"noopener\"><span style=\"text-decoration: underline;\">ver m\u00e1s<\/span><\/a>\u00a0&#8230;<\/span><\/strong><\/p>\n[\/spb_icon_box] [spb_icon_box title=\u00bb16 de noviembre, INICIA\u00bb box_type=\u00bbleft-icon\u00bb box_icon_type=\u00bbimage\u00bb image=\u00bb9729&#8243; animate_svg=\u00bbno\u00bb target=\u00bb_self\u00bb animation=\u00bbnone\u00bb animation_delay=\u00bb0&#8243; bg_color=\u00bb#ffffff\u00bb animated_box_style=\u00bbcoloured\u00bb animated_box_rounded=\u00bbyes\u00bb width=\u00bb1\/3&#8243;]\n<p class=\"entry-title\"><b>TALLER DE FOTOGRAF\u00cdA DE PRODUCTO<\/b><strong><br \/>\n<\/strong><span class=\"s1\"><span class=\"s1\"><span class=\"s1\"><span class=\"s1\">20 horas totales<br \/>\nS\u00e1bados de 9 a 13 horas<br \/>\n<\/span><\/span><\/span><\/span><strong><span class=\"s1\" style=\"color: #00c5c5;\"><a style=\"color: #00c5c5;\" href=\"https:\/\/veracruzanadecine.com\/inicio\/taller-de-fotografia-de-producto\/\" target=\"_blank\" rel=\"noopener\"><span style=\"text-decoration: underline;\">ver m\u00e1s<\/span><\/a>\u00a0&#8230;<\/span><\/strong><\/p>\n[\/spb_icon_box] [spb_icon_box title=\u00bb16 de noviembre, INICIA\u00bb box_type=\u00bbleft-icon\u00bb box_icon_type=\u00bbimage\u00bb image=\u00bb9728&#8243; animate_svg=\u00bbno\u00bb target=\u00bb_self\u00bb animation=\u00bbnone\u00bb animation_delay=\u00bb0&#8243; bg_color=\u00bb#ffffff\u00bb animated_box_style=\u00bbcoloured\u00bb animated_box_rounded=\u00bbyes\u00bb width=\u00bb1\/3&#8243; el_position=\u00bblast\u00bb]\n<p class=\"entry-title\"><b>Diplomado en Fotograf\u00eda<\/b><strong><br \/>\n<\/strong><span class=\"s1\"><span class=\"s1\"><span class=\"s1\"><span class=\"s1\">144 horas totales<br \/>\nS\u00e1bados de 9 a 15 horas<br \/>\n<\/span><\/span><\/span><\/span><strong><span class=\"s1\" style=\"color: #00c5c5;\"><a style=\"color: #00c5c5;\" href=\"https:\/\/veracruzanadecine.com\/inicio\/diplomado-en-fotografia-24-25\/&quot;\" target=\"_blank\" rel=\"noopener\"><span style=\"text-decoration: underline;\">ver m\u00e1s<\/span><\/a>\u00a0&#8230;<\/span><\/strong><\/p>\n[\/spb_icon_box] [\/spb_row]\n","protected":false},"excerpt":{"rendered":"<p>[spb_text_block animation=\u00bbnone\u00bb animation_delay=\u00bb0&#8243; simplified_controls=\u00bbyes\u00bb custom_css_percentage=\u00bbno\u00bb padding_vertical=\u00bb0&#8243; padding_horizontal=\u00bb0&#8243; margin_vertical=\u00bb0&#8243; custom_css=\u00bbmargin-top: 0px;margin-bottom: 0px;\u00bb border_size=\u00bb0&#8243; border_styling_global=\u00bbdefault\u00bb width=\u00bb1\/1&#8243; el_position=\u00bbfirst last\u00bb] Febrero 2024 [\/spb_text_block] [spb_row element_name=\u00bbRow\u00bb wrap_type=\u00bbstandard-width\u00bb row_bg_type=\u00bbcolor\u00bb row_bg_color=\u00bb#ffffff\u00bb color_row_height=\u00bbcontent-height\u00bb bg_type=\u00bbcover\u00bb parallax_image_height=\u00bbcontent-height\u00bb parallax_image_movement=\u00bbfixed\u00bb parallax_image_speed=\u00bbstandard\u00bb bg_video_loop=\u00bbyes\u00bb parallax_video_height=\u00bbwindow-height\u00bb row_top_style=\u00bbnone\u00bb row_bottom_style=\u00bbnone\u00bb parallax_video_overlay=\u00bbnone\u00bb row_overlay_opacity=\u00bb0&#8243; remove_element_spacing=\u00bbno\u00bb row_col_spacing=\u00bb0&#8243; row_col_pos=\u00bbdefault\u00bb row_col_equal_heights=\u00bbno\u00bb row_expanding=\u00bbno\u00bb row_animation=\u00bbnone\u00bb row_animation_delay=\u00bb0&#8243; minimize_row=\u00bbno\u00bb simplified_controls=\u00bbyes\u00bb custom_css_percentage=\u00bbno\u00bb custom_css=\u00bbmargin-top: 0px;margin-bottom: 0px;\u00bb border_styling_global=\u00bbdefault\u00bb width=\u00bb1\/1&#8243; el_position=\u00bbfirst last\u00bb] [spb_icon_box title=\u00bb03 de febrero, INICIA\u00bb box_type=\u00bbleft-icon\u00bb box_icon_type=\u00bbimage\u00bb image=\u00bb9099&#8243; [&hellip;]<\/p>\n","protected":false},"author":1,"featured_media":0,"parent":0,"menu_order":0,"comment_status":"closed","ping_status":"closed","template":"","meta":[],"_links":{"self":[{"href":"https:\/\/veracruzanadecine.com\/inicio\/wp-json\/wp\/v2\/pages\/13"}],"collection":[{"href":"https:\/\/veracruzanadecine.com\/inicio\/wp-json\/wp\/v2\/pages"}],"about":[{"href":"https:\/\/veracruzanadecine.com\/inicio\/wp-json\/wp\/v2\/types\/page"}],"author":[{"embeddable":true,"href":"https:\/\/veracruzanadecine.com\/inicio\/wp-json\/wp\/v2\/users\/1"}],"replies":[{"embeddable":true,"href":"https:\/\/veracruzanadecine.com\/inicio\/wp-json\/wp\/v2\/comments?post=13"}],"version-history":[{"count":404,"href":"https:\/\/veracruzanadecine.com\/inicio\/wp-json\/wp\/v2\/pages\/13\/revisions"}],"predecessor-version":[{"id":9733,"href":"https:\/\/veracruzanadecine.com\/inicio\/wp-json\/wp\/v2\/pages\/13\/revisions\/9733"}],"wp:attachment":[{"href":"https:\/\/veracruzanadecine.com\/inicio\/wp-json\/wp\/v2\/media?parent=13"}],"curies":[{"name":"wp","href":"https:\/\/api.w.org\/{rel}","templated":true}]}}